{"id":2204,"date":"2019-04-30T10:56:12","date_gmt":"2019-04-30T08:56:12","guid":{"rendered":"http:\/\/www.arquigenia.com\/?page_id=2204"},"modified":"2021-07-02T08:36:31","modified_gmt":"2021-07-02T06:36:31","slug":"obra-publica","status":"publish","type":"page","link":"https:\/\/www.arquigenia.com\/index.php\/obra-publica\/","title":{"rendered":"Obra p\u00fablica"},"content":{"rendered":"\t\t<div data-elementor-type=\"wp-post\" data-elementor-id=\"2204\" class=\"elementor elementor-2204\" data-elementor-settings=\"[]\">\n\t\t\t\t\t\t<div class=\"elementor-inner\">\n\t\t\t\t\t\t\t<div class=\"elementor-section-wrap\">\n\t\t\t\t\t\t\t<section class=\"elementor-section elementor-top-section elementor-element elementor-element-4f2b9d01 elementor-section-boxed elementor-section-height-default elementor-section-height-default\" data-id=\"4f2b9d01\" data-element_type=\"section\">\n\t\t\t\t\t\t<div class=\"elementor-container elementor-column-gap-default\">\n\t\t\t\t\t\t\t<div class=\"elementor-row\">\n\t\t\t\t\t<div class=\"elementor-column elementor-col-100 elementor-top-column elementor-element elementor-element-71b0692c\" data-id=\"71b0692c\" data-element_type=\"column\">\n\t\t\t<div class=\"elementor-column-wrap elementor-element-populated\">\n\t\t\t\t\t\t\t<div class=\"elementor-widget-wrap\">\n\t\t\t\t\t\t<div class=\"elementor-element elementor-element-506f388b elementor-widget elementor-widget-spacer\" data-id=\"506f388b\" data-element_type=\"widget\" data-widget_type=\"spacer.default\">\n\t\t\t\t<div class=\"elementor-widget-container\">\n\t\t\t\t\t<div class=\"elementor-spacer\">\n\t\t\t<div class=\"elementor-spacer-inner\"><\/div>\n\t\t<\/div>\n\t\t\t\t<\/div>\n\t\t\t\t<\/div>\n\t\t\t\t<div class=\"elementor-element elementor-element-3f4a3258 elementor-widget elementor-widget-text-editor\" data-id=\"3f4a3258\" data-element_type=\"widget\" data-widget_type=\"text-editor.default\">\n\t\t\t\t<div class=\"elementor-widget-container\">\n\t\t\t\t\t\t\t\t<div class=\"elementor-text-editor elementor-clearfix\">\n\t\t\t\t\t<table border=\"0\" width=\"558\" cellspacing=\"0\" cellpadding=\"2\"><tbody><tr class=\"tablanegrita\"><td width=\"64\"><h5><span class=\"textotabla\">A\u00f1o<\/span><\/h5><\/td><td width=\"200\"><h5><span class=\"textotabla\">Denominaci\u00f3n trabajo<\/span><\/h5><\/td><td width=\"126\"><h5><span class=\"textotabla\">Situaci\u00f3n<\/span><\/h5><\/td><td width=\"149\"><h5><span class=\"textotabla\">Organismo contrataci\u00f3n<\/span><\/h5><\/td><\/tr><tr><td class=\"textotabla\" height=\"28\">2002<\/td><td class=\"textotabladestacado\" height=\"28\"><a href=\"http:\/\/www.arquigenia.com\/index.php\/portfolio\/mercado-municipal-de-tharsis\/\"><span style=\"color: #33cccc;\">Mercado Municipal de Tharsis<\/span><\/a><\/td><td class=\"textotabla\" height=\"28\">Tharsis<\/td><td class=\"textotabla\" height=\"28\">Ayuntamiento de Alosno<\/td><\/tr><tr><td height=\"28\"><span class=\"textotabla\">2007<\/span><\/td><td height=\"28\"><a href=\"http:\/\/www.arquigenia.com\/index.php\/portfolio\/sede-de-adrao\/\"><span class=\"textotabladestacado\" style=\"color: #33cccc;\">Sede de A.D.R.A.O.<\/span><\/a><\/td><td height=\"28\"><span class=\"textotabla\">Alosno<\/span><\/td><td height=\"28\"><span class=\"textotabla\">Ayuntamiento de Alosno<\/span><\/td><\/tr><tr><td height=\"28\"><span class=\"textotabla\">2007<\/span><\/td><td height=\"28\"><span class=\"textotabladestacado\">Direcci\u00f3n Obras Jard\u00edn Bot\u00e1nico<\/span><\/td><td height=\"28\"><span class=\"textotabla\">Palos de la Frontera<\/span><\/td><td height=\"28\"><span class=\"textotabla\">Tragsa<\/span><\/td><\/tr><tr><td height=\"28\"><span class=\"textotabla\">2008<\/span><\/td><td height=\"28\"><span class=\"textotabladestacado\">Modernizaci\u00f3n campo f\u00fatbol<\/span><\/td><td height=\"28\"><span class=\"textotabla\">Tharsis<\/span><\/td><td height=\"28\"><span class=\"textotabla\">Ayuntamiento de Alosno<\/span><\/td><\/tr><tr><td height=\"28\"><span class=\"textotabla\">2008<\/span><\/td><td height=\"28\"><span class=\"textotabla\">Reforma Colegio P\u00fablico<\/span><\/td><td height=\"28\"><span class=\"textotabla\">Alosno<\/span><\/td><td height=\"28\"><span class=\"textotabla\">Consejer\u00eda de Educaci\u00f3n<\/span><\/td><\/tr><tr><td class=\"textotabla\" height=\"28\">2008<\/td><td class=\"textotabladestacado\" height=\"28\"><a href=\"http:\/\/www.arquigenia.com\/wp-content\/uploads\/2019\/04\/LABORATORIO-SANIDAD-ANIMAL.jpg\"><span style=\"color: #33cccc;\">Direcci\u00f3n obras Laboratorio Sanidad<\/span><\/a><\/td><td class=\"textotabla\" height=\"28\">Aracena<\/td><td class=\"textotabla\" height=\"28\">Consejer\u00eda de Agricultura<\/td><\/tr><tr><td height=\"28\"><span class=\"textotabla\">2009<\/span><\/td><td height=\"28\"><span class=\"textotabla\">Reforma polideportivo Andr\u00e9s Estrada<\/span><\/td><td height=\"28\"><span class=\"textotabla\">Huelva<\/span><\/td><td height=\"28\"><span class=\"textotabla\">Ayuntamiento de Huelva<\/span><\/td><\/tr><tr><td height=\"28\"><span class=\"textotabla\">2010<\/span><\/td><td height=\"28\"><span style=\"color: #33cccc;\"><a style=\"color: #33cccc;\" href=\"https:\/\/www.arquigenia.com\/index.php\/portfolio\/guarderia-alosno\/\"><span class=\"textotabladestacado\">Guarder\u00eda Municipal<\/span><\/a><\/span><\/td><td height=\"28\"><span class=\"textotabla\">Alosno<\/span><\/td><td height=\"28\"><span class=\"textotabla\">Ayuntamiento de Alosno<\/span><\/td><\/tr><tr class=\"textotabla\"><td class=\"textotabla\" height=\"28\">2011<\/td><td class=\"textotabladestacado\" height=\"28\">Pabell\u00f3n deportivo<\/td><td class=\"textotabla\" height=\"28\">Alosno<\/td><td class=\"textotabla\" height=\"28\">Ayuntamiento de Alosno<\/td><\/tr><tr><td class=\"textotabla\" height=\"28\">2011<\/td><td class=\"textotabladestacado\" height=\"28\">Estructura Pabell\u00f3n<\/td><td class=\"textotabla\" height=\"28\">Tharsis<\/td><td class=\"textotabla\" height=\"28\">Ayuntamiento de Alosno<\/td><\/tr><tr><td height=\"28\"><span class=\"textotabla\">2011<\/span><\/td><td height=\"28\"><span class=\"textotabla\">Edificio Municipal Administrativo<\/span><\/td><td height=\"28\"><span class=\"textotabla\">Punta Umbr\u00eda<\/span><\/td><td height=\"28\"><span class=\"textotabla\">Ayuntamiento de Punta Umbr\u00eda<\/span><\/td><\/tr><tr><td height=\"28\"><p class=\"textotabla\">2015<\/p><\/td><td height=\"28\"><span class=\"textotabla\">Ampliaci\u00f3n IES J. Miravent<\/span><\/td><td class=\"textotabla\" height=\"28\">Isla Cristina<\/td><td height=\"28\"><span class=\"textotabla\">Consejer\u00eda de Educaci\u00f3n Junta de Andaluc\u00eda<\/span><\/td><\/tr><tr><td height=\"28\"><span class=\"textotabla\">2017<\/span><\/td><td height=\"28\"><span class=\"textotabla\">Edificio de oficinas<\/span><\/td><td height=\"28\"><span class=\"textotabla\">Puerto de Huelva<\/span><\/td><td height=\"28\"><span class=\"textotabla\">Autoridad Portuaria<\/span><\/td><\/tr><\/tbody><\/table>\t\t\t\t\t<\/div>\n\t\t\t\t\t\t<\/div>\n\t\t\t\t<\/div>\n\t\t\t\t\t\t<\/div>\n\t\t\t\t\t<\/div>\n\t\t<\/div>\n\t\t\t\t\t\t\t\t<\/div>\n\t\t\t\t\t<\/div>\n\t\t<\/section>\n\t\t\t\t<section class=\"elementor-section elementor-top-section elementor-element elementor-element-885f853 elementor-section-boxed elementor-section-height-default elementor-section-height-default\" data-id=\"885f853\" data-element_type=\"section\">\n\t\t\t\t\t\t<div class=\"elementor-container elementor-column-gap-default\">\n\t\t\t\t\t\t\t<div class=\"elementor-row\">\n\t\t\t\t\t<div class=\"elementor-column elementor-col-100 elementor-top-column elementor-element elementor-element-1f9e949\" data-id=\"1f9e949\" data-element_type=\"column\">\n\t\t\t<div class=\"elementor-column-wrap elementor-element-populated\">\n\t\t\t\t\t\t\t<div class=\"elementor-widget-wrap\">\n\t\t\t\t\t\t<div class=\"elementor-element elementor-element-0b86724 elementor-widget elementor-widget-spacer\" data-id=\"0b86724\" data-element_type=\"widget\" data-widget_type=\"spacer.default\">\n\t\t\t\t<div class=\"elementor-widget-container\">\n\t\t\t\t\t<div class=\"elementor-spacer\">\n\t\t\t<div class=\"elementor-spacer-inner\"><\/div>\n\t\t<\/div>\n\t\t\t\t<\/div>\n\t\t\t\t<\/div>\n\t\t\t\t<div class=\"elementor-element elementor-element-368c8f2 elementor-widget elementor-widget-spacer\" data-id=\"368c8f2\" data-element_type=\"widget\" data-widget_type=\"spacer.default\">\n\t\t\t\t<div class=\"elementor-widget-container\">\n\t\t\t\t\t<div class=\"elementor-spacer\">\n\t\t\t<div class=\"elementor-spacer-inner\"><\/div>\n\t\t<\/div>\n\t\t\t\t<\/div>\n\t\t\t\t<\/div>\n\t\t\t\t\t\t<\/div>\n\t\t\t\t\t<\/div>\n\t\t<\/div>\n\t\t\t\t\t\t\t\t<\/div>\n\t\t\t\t\t<\/div>\n\t\t<\/section>\n\t\t\t\t<section class=\"elementor-section elementor-top-section elementor-element elementor-element-c9e1b72 elementor-section-boxed elementor-section-height-default elementor-section-height-default\" data-id=\"c9e1b72\" data-element_type=\"section\">\n\t\t\t\t\t\t<div class=\"elementor-container elementor-column-gap-default\">\n\t\t\t\t\t\t\t<div class=\"elementor-row\">\n\t\t\t\t\t<div class=\"elementor-column elementor-col-100 elementor-top-column elementor-element elementor-element-8ed7c53\" data-id=\"8ed7c53\" data-element_type=\"column\">\n\t\t\t<div class=\"elementor-column-wrap elementor-element-populated\">\n\t\t\t\t\t\t\t<div class=\"elementor-widget-wrap\">\n\t\t\t\t\t\t<div class=\"elementor-element elementor-element-53b11f0 elementor-arrows-position-inside elementor-pagination-position-outside elementor-widget elementor-widget-image-carousel\" data-id=\"53b11f0\" data-element_type=\"widget\" data-settings=\"{&quot;navigation&quot;:&quot;both&quot;,&quot;autoplay&quot;:&quot;yes&quot;,&quot;pause_on_hover&quot;:&quot;yes&quot;,&quot;pause_on_interaction&quot;:&quot;yes&quot;,&quot;autoplay_speed&quot;:5000,&quot;infinite&quot;:&quot;yes&quot;,&quot;speed&quot;:500}\" data-widget_type=\"image-carousel.default\">\n\t\t\t\t<div class=\"elementor-widget-container\">\n\t\t\t\t\t<div class=\"elementor-image-carousel-wrapper swiper-container\" dir=\"ltr\">\n\t\t\t<div class=\"elementor-image-carousel swiper-wrapper\">\n\t\t\t\t<div class=\"swiper-slide\"><a data-elementor-open-lightbox=\"yes\" data-elementor-lightbox-slideshow=\"53b11f0\" data-elementor-lightbox-title=\"Alosno1\" href=\"https:\/\/www.arquigenia.com\/index.php\/proyectos\/\"><figure class=\"swiper-slide-inner\"><img class=\"swiper-slide-image\" src=\"https:\/\/www.arquigenia.com\/wp-content\/uploads\/2019\/04\/Alosno1-370x270.jpg\" alt=\"Alosno1\" \/><\/figure><\/a><\/div><div class=\"swiper-slide\"><a data-elementor-open-lightbox=\"yes\" data-elementor-lightbox-slideshow=\"53b11f0\" data-elementor-lightbox-title=\"merc1\" href=\"https:\/\/www.arquigenia.com\/index.php\/proyectos\/\"><figure class=\"swiper-slide-inner\"><img class=\"swiper-slide-image\" src=\"https:\/\/www.arquigenia.com\/wp-content\/uploads\/2019\/04\/merc1-370x270.jpg\" alt=\"merc1\" \/><\/figure><\/a><\/div><div class=\"swiper-slide\"><a data-elementor-open-lightbox=\"yes\" data-elementor-lightbox-slideshow=\"53b11f0\" data-elementor-lightbox-title=\"Merc6\" href=\"https:\/\/www.arquigenia.com\/index.php\/proyectos\/\"><figure class=\"swiper-slide-inner\"><img class=\"swiper-slide-image\" src=\"https:\/\/www.arquigenia.com\/wp-content\/uploads\/2019\/05\/Merc6-370x270.jpg\" alt=\"Merc6\" \/><\/figure><\/a><\/div><div class=\"swiper-slide\"><a data-elementor-open-lightbox=\"yes\" data-elementor-lightbox-slideshow=\"53b11f0\" data-elementor-lightbox-title=\"ADRAO-2\" href=\"https:\/\/www.arquigenia.com\/index.php\/proyectos\/\"><figure class=\"swiper-slide-inner\"><img class=\"swiper-slide-image\" src=\"https:\/\/www.arquigenia.com\/wp-content\/uploads\/2019\/04\/ADRAO-2-370x270.jpg\" alt=\"ADRAO-2\" \/><\/figure><\/a><\/div><div class=\"swiper-slide\"><a data-elementor-open-lightbox=\"yes\" data-elementor-lightbox-slideshow=\"53b11f0\" data-elementor-lightbox-title=\"ADRAO-9\" href=\"https:\/\/www.arquigenia.com\/index.php\/proyectos\/\"><figure class=\"swiper-slide-inner\"><img class=\"swiper-slide-image\" src=\"https:\/\/www.arquigenia.com\/wp-content\/uploads\/2019\/05\/ADRAO-9-370x270.jpg\" alt=\"ADRAO-9\" \/><\/figure><\/a><\/div><div class=\"swiper-slide\"><a data-elementor-open-lightbox=\"yes\" data-elementor-lightbox-slideshow=\"53b11f0\" data-elementor-lightbox-title=\"blanco1\" href=\"https:\/\/www.arquigenia.com\/index.php\/proyectos\/\"><figure class=\"swiper-slide-inner\"><img class=\"swiper-slide-image\" src=\"https:\/\/www.arquigenia.com\/wp-content\/uploads\/2019\/05\/blanco1-370x270.jpg\" alt=\"blanco1\" \/><\/figure><\/a><\/div><div class=\"swiper-slide\"><a data-elementor-open-lightbox=\"yes\" data-elementor-lightbox-slideshow=\"53b11f0\" data-elementor-lightbox-title=\"22\" href=\"https:\/\/www.arquigenia.com\/index.php\/proyectos\/\"><figure class=\"swiper-slide-inner\"><img class=\"swiper-slide-image\" src=\"https:\/\/www.arquigenia.com\/wp-content\/uploads\/2019\/05\/22-370x270.jpg\" alt=\"22\" \/><\/figure><\/a><\/div>\t\t\t<\/div>\n\t\t\t\t\t\t\t\t\t\t\t\t<div class=\"swiper-pagination\"><\/div>\n\t\t\t\t\t\t\t\t\t\t\t\t\t<div class=\"elementor-swiper-button elementor-swiper-button-prev\">\n\t\t\t\t\t\t<i class=\"eicon-chevron-left\" aria-hidden=\"true\"><\/i>\n\t\t\t\t\t\t<span class=\"elementor-screen-only\">Anterior<\/span>\n\t\t\t\t\t<\/div>\n\t\t\t\t\t<div class=\"elementor-swiper-button elementor-swiper-button-next\">\n\t\t\t\t\t\t<i class=\"eicon-chevron-right\" aria-hidden=\"true\"><\/i>\n\t\t\t\t\t\t<span class=\"elementor-screen-only\">Siguiente<\/span>\n\t\t\t\t\t<\/div>\n\t\t\t\t\t\t\t\t\t<\/div>\n\t\t\t\t<\/div>\n\t\t\t\t<\/div>\n\t\t\t\t\t\t<\/div>\n\t\t\t\t\t<\/div>\n\t\t<\/div>\n\t\t\t\t\t\t\t\t<\/div>\n\t\t\t\t\t<\/div>\n\t\t<\/section>\n\t\t\t\t<section class=\"elementor-section elementor-top-section elementor-element elementor-element-06534c0 elementor-section-boxed elementor-section-height-default elementor-section-height-default\" data-id=\"06534c0\" data-element_type=\"section\">\n\t\t\t\t\t\t<div class=\"elementor-container elementor-column-gap-default\">\n\t\t\t\t\t\t\t<div class=\"elementor-row\">\n\t\t\t\t\t<div class=\"elementor-column elementor-col-100 elementor-top-column elementor-element elementor-element-15efabd\" data-id=\"15efabd\" data-element_type=\"column\">\n\t\t\t<div class=\"elementor-column-wrap elementor-element-populated\">\n\t\t\t\t\t\t\t<div class=\"elementor-widget-wrap\">\n\t\t\t\t\t\t<div class=\"elementor-element elementor-element-0025c6f elementor-widget elementor-widget-spacer\" data-id=\"0025c6f\" data-element_type=\"widget\" data-widget_type=\"spacer.default\">\n\t\t\t\t<div class=\"elementor-widget-container\">\n\t\t\t\t\t<div class=\"elementor-spacer\">\n\t\t\t<div class=\"elementor-spacer-inner\"><\/div>\n\t\t<\/div>\n\t\t\t\t<\/div>\n\t\t\t\t<\/div>\n\t\t\t\t\t\t<\/div>\n\t\t\t\t\t<\/div>\n\t\t<\/div>\n\t\t\t\t\t\t\t\t<\/div>\n\t\t\t\t\t<\/div>\n\t\t<\/section>\n\t\t\t\t\t\t<\/div>\n\t\t\t\t\t\t<\/div>\n\t\t\t\t\t<\/div>\n\t\t","protected":false},"excerpt":{"rendered":"<p>A\u00f1o Denominaci\u00f3n trabajo Situaci\u00f3n Organismo contrataci\u00f3n 2002 Mercado Municipal de Tharsis Tharsis Ayuntamiento de Alosno 2007 Sede de A.D.R.A.O. Alosno Ayuntamiento de Alosno 2007 Direcci\u00f3n Obras Jard\u00edn Bot\u00e1nico Palos de la Frontera Tragsa 2008 Modernizaci\u00f3n campo f\u00fatbol Tharsis Ayuntamiento de Alosno 2008 Reforma Colegio P\u00fablico Alosno Consejer\u00eda de Educaci\u00f3n 2008 Direcci\u00f3n obras Laboratorio Sanidad Aracena&#8230;<\/p>\n","protected":false},"author":1,"featured_media":0,"parent":0,"menu_order":0,"comment_status":"closed","ping_status":"closed","template":"template-page_builder.php","meta":[],"_links":{"self":[{"href":"https:\/\/www.arquigenia.com\/index.php\/wp-json\/wp\/v2\/pages\/2204"}],"collection":[{"href":"https:\/\/www.arquigenia.com\/index.php\/wp-json\/wp\/v2\/pages"}],"about":[{"href":"https:\/\/www.arquigenia.com\/index.php\/wp-json\/wp\/v2\/types\/page"}],"author":[{"embeddable":true,"href":"https:\/\/www.arquigenia.com\/index.php\/wp-json\/wp\/v2\/users\/1"}],"replies":[{"embeddable":true,"href":"https:\/\/www.arquigenia.com\/index.php\/wp-json\/wp\/v2\/comments?post=2204"}],"version-history":[{"count":37,"href":"https:\/\/www.arquigenia.com\/index.php\/wp-json\/wp\/v2\/pages\/2204\/revisions"}],"predecessor-version":[{"id":3273,"href":"https:\/\/www.arquigenia.com\/index.php\/wp-json\/wp\/v2\/pages\/2204\/revisions\/3273"}],"wp:attachment":[{"href":"https:\/\/www.arquigenia.com\/index.php\/wp-json\/wp\/v2\/media?parent=2204"}],"curies":[{"name":"wp","href":"https:\/\/api.w.org\/{rel}","templated":true}]}}